61*x - 1275 = 0. What are the prime factors of x?
3, 5, 17
Let p(o) = 231*o + 686. List the prime factors of p(15).
7, 593
Let s be (-309)/(-21) - 8/(-28). Let m be s/6*4/2. Suppose 0 = 2*p - 4, -m*p = b - 7 - 9. List the prime factors of b.
2, 3
Let d = 11 + -11. Suppose 5*a + 2*u = 423, -3*a + 0*a - u + 254 = d. List the prime factors of a.
5, 17
Let z be 27*((-4)/3)/(-2). Let j be ((-66)/z)/((-1)/3). Suppose 3*d + j = -1, 12 = 2*g + 5*d. List the prime factors of g.
2
Suppose -61*t + 18861 = -57999. List the prime factors of t.
2, 3, 5, 7
Suppose 19*t = 13*t + 4134. What are the prime factors of t?
13, 53
Let t = -636 - -1077. List the prime factors of t.
3, 7
Let g be (8 + -11)/(2/(-6)). Suppose -g*j - 5 = -4*j. What are the prime factors of 19 + (1 + -3 - j)?
2, 3
Let w(m) = -92*m + 115*m + 0*m**2 - 31 - m**2. List the prime factors of w(11).
101
Let k = -3 + 6. Suppose -k*x - 4*l - 26 = 0, 8*l - 35 = 3*x + 3*l. Let w = x - -34. What are the prime factors of w?
2, 3
Let w(k) = 3*k**3 - 5*k**2 - 3*k - 3. Let m be w(-3). Let d = m - 3. List the prime factors of 5*(d/(-15) - 0).
41
Suppose 852 = 3*u - 3*j, -u - 4*j + 339 = 50. List the prime factors of u.
3, 5, 19
Let z(l) = -136*l + 16. Let g(w) = w + 1. Let j(r) = 5*g(r) - z(r). List the prime factors of j(2).
271
Let l be -48*((-1 - 2) + (-6)/(-3)). Let v = -1 + 3. Suppose r = -v*r + l. What are the prime factors of r?
2
Let d(g) = -g - 3. Let k be d(-6). Let q = 69 - 17. Suppose -3*b + 39 = a, -k*b - 13 = 5*a - q. List the prime factors of b.
13
Let c(h) = 45*h**2 - 12*h + 14. What are the prime factors of c(4)?
2, 7
Suppose -6*l + l = 3*c - 426, -3*l + 267 = -2*c. Let a = 175 - l. List the prime factors of (-4)/22 - (-1952)/a.
2, 11
Let s(z) = -z**3 - 2*z**2 + 6*z + 4. Let g be s(-4). Let c be (-4 + 1)*(-20)/g. Suppose -c*d + d = o + 3, 3*o - 3*d - 21 = 0. List the prime factors of o.
5
Let x(s) = 3*s**3 - 3*s**2 - 9*s - 7. List the prime factors of x(8).
5, 11, 23
Let j = 91 - 88. Suppose 5*n + 2*s = -67, -3*n + s = -3*s + 61. What are the prime factors of (-2)/j + (-640)/n?
2, 3, 7
Let u = 420 - 292. Suppose 2*p = 4*p - u. List the prime factors of p.
2
Let t(w) = w**3 + 11*w**2 + 11*w + 4. What are the prime factors of t(-6)?
2, 59
Let s be 0 + (-3 - -3 - -3). Suppose 4*i - 41 = -4*o + 5*i, -s*i = 5*o - 64. List the prime factors of o.
11
Suppose 0 = -3*y + 11*y - 18176. List the prime factors of y.
2, 71
Suppose -34 = -4*t - 2*d, -2 = -6*d + 4*d. Let k = t - -45. What are the prime factors of k?
53
Suppose -c = -6*c + 3*v + 21, 0 = -5*v - 10. List the prime factors of (0 - (-120)/c) + -3.
37
List the prime factors of (1487/2 - (-3 + 2))*2.
1489
Suppose -3*o + 236 = -79. Suppose 200 = 5*f - o. What are the prime factors of f?
61
Let r(g) = 14*g - g**2 - g**2 + 10 - 4*g**2 + 5*g**2. Let x = 36 - 24. What are the prime factors of r(x)?
2, 17
List the prime factors of ((-57)/(-133) - (-48)/(-14)) + 289.
2, 11, 13
Let f(n) = -370*n**3 + 4*n**2 + 2*n. List the prime factors of f(-1).
2, 3, 31
Suppose 9 = -4*x + 141. Let r = 36 - x. Suppose r*u + 2*i - 85 = 84, -5*i = 4*u - 223. What are the prime factors of u?
3, 19
Let c be 2/(-5) + 342/(-45). Let u(f) = -8*f - 10. What are the prime factors of u(c)?
2, 3
List the prime factors of (2 + (-32)/3)*(-59880)/80.
13, 499
Let a be (-1)/(-2) + ((-162)/(-4))/9. Suppose 2*b + y + 11 = 61, 100 = 4*b + a*y. What are the prime factors of b?
5
Let k = 22 - 19. Suppose 3*n + 3 = 2*n, 0 = -5*t + k*n + 219. List the prime factors of t.
2, 3, 7
Let x(w) = -w**3 - 7*w**3 - 2*w - w**2 - 8*w**3 - 6*w**3. Let t be x(-1). Let k = 25 - t. List the prime factors of k.
2
Suppose -5*a + 3*b = 57, 0*b = -5*b + 20. List the prime factors of (1 - 312/a)/((-3)/(-9)).
107
Suppose 6*b = 5*b + 76. Suppose 3*k + 2*y - 121 = b, -69 = -k + y. List the prime factors of k.
67
Let k = -23 + 14. Let p = k - -6. List the prime factors of (-120)/(-3 - 0) + p.
37
Suppose 3*t + 3*y = -2*t + 37, -2*t + y = -17. Let v be t + -9 + 1 + 11. Suppose 4*u = -v + 27. List the prime factors of u.
2
Let t = 1230 + -789. List the prime factors of t.
3, 7
Suppose 2 = b - 4. Suppose -2*m = -2 - b. Suppose m = f - 9. What are the prime factors of f?
13
Let h(b) = b**3 + 16*b**2 + 11*b - 4. Let u be h(-15). Let o = u + -13. What are the prime factors of o?
43
Let q(s) = -s**2 - 3*s + 1597. Let t be q(0). Suppose 12*r - t = -325. What are the prime factors of r?
2, 53
Let i(k) = k**3 - 14*k**2 + 13*k - 12. Let g be i(13). Let w = g + 20. Suppose c - 80 = -4*o, w = 5*o - 2*c - 105. List the prime factors of o.
3, 7
Let t = 11 - 9. Suppose -3*w = -t*w - 5. Suppose 89 = w*z + 24. List the prime factors of z.
13
Let o = -57 + 259. What are the prime factors of o?
2, 101
Let v(l) = 38*l + 802. What are the prime factors of v(0)?
2, 401
Suppose 10*d - 11*d + 338 = 0. List the prime factors of d.
2, 13
Let s(k) be the second derivative of 3*k**4/4 + 5*k. Suppose -2*t - 8 = -2*g, -4*t + 3*t + 3*g - 14 = 0. What are the prime factors of s(t)?
3
Let j(a) = 11*a - 5. Let g be j(-2). Let x be (-6)/27 + (-195)/g. Let z(m) = -m**3 + 9*m**2 - 3*m - 13. What are the prime factors of z(x)?
2
List the prime factors of (-1287)/91 + 14 + 2382/14.
2, 5, 17
Let z(c) = -101*c - 429. What are the prime factors of z(-15)?
2, 3, 181
What are the prime factors of 1/(-7)*-7 - 146*-3?
439
Let c = 418 - 89. What are the prime factors of c?
7, 47
Let o be (28/30)/(-7) - (-13)/(-15). What are the prime factors of (1155/(-63))/(o/3)?
5, 11
Suppose -5*m = -4*j - 4892, m + j = 3*m - 1955. What are the prime factors of m?
2, 61
Suppose -28 = -3*j + 2*h, h - 3*h = -j + 8. Suppose -j*q + 14*q = 48. List the prime factors of q.
2, 3
Suppose 5*u = 2*d - 8447, 11734 = 3*d - 2*u - 953. List the prime factors of d.
4231
Let i(b) = -b**3 - 2*b**2 - b + 4. Let d be i(-2). Let s = d + -3. Suppose -h - 5 = 4*h, -72 = -3*p - s*h. List the prime factors of p.
5
Let j = 1129 - 983. What are the prime factors of j?
2, 73
List the prime factors of (10/(-4) + 2)*-7*40.
2, 5, 7
Let a(t) = -t - 1. Let w(k) = 4*k + 3. Let g(j) = -22*a(j) - 6*w(j). List the prime factors of g(1).
2
Suppose -6*n + 4570 = 1468. What are the prime factors of n?
11, 47
Let l(q) = 15*q**2 + 14*q + 34. What are the prime factors of l(-4)?
2, 109
Let a = 564 + -470. What are the prime factors of a?
2, 47
Let l = -7 + 33. Suppose 0 = m - i - l, 0*m + 3*i = -m + 34. List the prime factors of m.
2, 7
Let c(p) = 68*p**2 + 14*p + 77. What are the prime factors of c(-3)?
647
Suppose -3*p - 3 = 3*m, -2*m - p = 2*p + 3. Suppose -t = -5*c - 71, m*t - 5*c = -3*t + 183. List the prime factors of t.
2, 7
Let d be 525/10 + 2/4. Let r = 93 - d. List the prime factors of r.
2, 5
Let g = -252 - -432. Suppose 0*x + g = 3*x. Suppose 3*j = x + 69. List the prime factors of j.
43
Suppose -15*h = -19*h + 836. What are the prime factors of h?
11, 19
Suppose 58*h = 54*h + 512. List the prime factors of h.
2
Let f(z) = z - 4. Let t be f(10). Let l = t + -6. Suppose -3*u - u + 132 = l. What are the prime factors of u?
3, 11
Let o(u) = 2*u**2 - 3*u - 1. Let a be o(-1). Let d(g) = 2*g + 1. Let p be d(a). List the prime factors of -96*(15/p)/(-5).
2
Let k be (-2)/3*(-12)/(-8). Let a = k + 3. Suppose a*u - 8 = u. What are the prime factors of u?
2
Suppose -8*q + 6811 = -2757. What are the prime factors of q?
2, 13, 23
Suppose 0 = 3*n - 6 - 3. Let b be (-399)/(-147) - 2/(-7). Suppose -n = -b*l + 72. What are the prime factors of l?
5
Let k(g) = 2*g**2 - 4*g - 1. Let x be k(-9). Suppose -5*b = -4*o + 656, -131 = -2*o + 3*b + x. Suppose 4*d = -24 + o. List the prime factors of d.
5, 7
Suppose 0 = 2*h - 8 + 12, y - 1624 = -2*h. List the prime factors of y.
2, 11, 37
Let j(n) = -129*n - 3*n**2 + 129*n - n**3 + 5. Let c be j(-6). Suppose -5*g - 4*b = -c, 7*b + 40 = g + 2*b. List the prime factors of g.
5
List the prime factors of (5 + 0 - -1321 - -3) + 0.
3, 443
List the prime factors of (-4*-154*3)/(26/65).
2, 3, 5, 7, 11
Let n be 2/((-8)/10)*(-5 + 3). Suppose -2*m = n*v - 216, 24 = -m - 5*v + 127. What are the prime factors of m?
113
Let d(k) = -8*k**3 - 3*k**2 - 29*k - 6. List the prime factors of d(-4).
2, 7, 41
Suppose -g + 3*g - 528 = 0. Suppose -5*p = -3*l - g, 54 = p - 2*l + l. List the prime factor